{"id":1267,"date":"2026-02-15T14:30:21","date_gmt":"2026-02-15T12:30:21","guid":{"rendered":"https:\/\/gibostad.no\/martna\/?page_id=1267"},"modified":"2026-03-05T22:53:48","modified_gmt":"2026-03-05T20:53:48","slug":"kontakt-oss","status":"publish","type":"page","link":"https:\/\/gibostad.no\/martna\/kontakt-oss\/","title":{"rendered":"Kontakt oss"},"content":{"rendered":"<table>\n<tr>\n<td width=100%><style id=\"wpforms-css-vars-1338\">\n\t\t\t\t#wpforms-1338 {\n\t\t\t\t--wpforms-container-padding: 0px;\n--wpforms-container-border-width: 1px;\n--wpforms-container-border-radius: 3px;\n--wpforms-background-color: rgba(0, 0, 0, 0);\n--wpforms-field-size-input-height: 43px;\n--wpforms-field-size-input-spacing: 15px;\n--wpforms-field-size-font-size: 16px;\n--wpforms-field-size-line-height: 19px;\n--wpforms-field-size-padding-h: 14px;\n--wpforms-field-size-checkbox-size: 16px;\n--wpforms-field-size-sublabel-spacing: 5px;\n--wpforms-field-size-icon-size: 1;\n--wpforms-label-size-font-size: 16px;\n--wpforms-label-size-line-height: 19px;\n--wpforms-label-size-sublabel-font-size: 14px;\n--wpforms-label-size-sublabel-line-height: 17px;\n--wpforms-button-size-font-size: 17px;\n--wpforms-button-size-height: 41px;\n--wpforms-button-size-padding-h: 15px;\n--wpforms-button-size-margin-top: 10px;\n--wpforms-container-shadow-size-box-shadow: none;\n\t\t\t}\n\t\t\t<\/style><div class=\"wpforms-container wpforms-container-full wpforms-render-modern\" id=\"wpforms-1338\"><form id=\"wpforms-form-1338\" class=\"wpforms-validate wpforms-form wpforms-ajax-form\" data-formid=\"1338\" method=\"post\" enctype=\"multipart\/form-data\" action=\"\/martna\/wp-json\/wp\/v2\/pages\/1267\" data-token=\"69f0878d604b9d89ef0ce82fdd3f4caf\" data-token-time=\"1777333022\"><noscript class=\"wpforms-error-noscript\">Please enable JavaScript in your browser to complete this form.<\/noscript><div id=\"wpforms-error-noscript\" style=\"display: none;\">Please enable JavaScript in your browser to complete this form.<\/div><div class=\"wpforms-field-container\"><div id=\"wpforms-1338-field_1-container\" class=\"wpforms-field wpforms-field-name\" data-field-id=\"1\"><label class=\"wpforms-field-label\" for=\"wpforms-1338-field_1\">Navn <span class=\"wpforms-required-label\" aria-hidden=\"true\">*<\/span><\/label><input type=\"text\" id=\"wpforms-1338-field_1\" class=\"wpforms-field-medium wpforms-field-required\" name=\"wpforms[fields][1]\" aria-errormessage=\"wpforms-1338-field_1-error\" required><\/div><div id=\"wpforms-1338-field_2-container\" class=\"wpforms-field wpforms-field-email\" data-field-id=\"2\"><label class=\"wpforms-field-label\" for=\"wpforms-1338-field_2\">E-postadresse <span class=\"wpforms-required-label\" aria-hidden=\"true\">*<\/span><\/label><input type=\"email\" id=\"wpforms-1338-field_2\" class=\"wpforms-field-medium wpforms-field-required\" name=\"wpforms[fields][2]\" spellcheck=\"false\" aria-errormessage=\"wpforms-1338-field_2-error\" required><\/div>\t\t<div id=\"wpforms-1338-field_4-container\"\n\t\t\tclass=\"wpforms-field wpforms-field-text\"\n\t\t\tdata-field-type=\"text\"\n\t\t\tdata-field-id=\"4\"\n\t\t\t>\n\t\t\t<label class=\"wpforms-field-label\" for=\"wpforms-1338-field_4\" >Navn melding: E-postadresse<\/label>\n\t\t\t<input type=\"text\" id=\"wpforms-1338-field_4\" class=\"wpforms-field-medium\" name=\"wpforms[fields][4]\" >\n\t\t<\/div>\n\t\t<div id=\"wpforms-1338-field_3-container\" class=\"wpforms-field wpforms-field-textarea\" data-field-id=\"3\"><label class=\"wpforms-field-label\" for=\"wpforms-1338-field_3\">Din melding: <span class=\"wpforms-required-label\" aria-hidden=\"true\">*<\/span><\/label><textarea id=\"wpforms-1338-field_3\" class=\"wpforms-field-medium wpforms-field-required\" name=\"wpforms[fields][3]\" aria-errormessage=\"wpforms-1338-field_3-error\" required><\/textarea><\/div><script>\n\t\t\t\t( function() {\n\t\t\t\t\tconst style = document.createElement( 'style' );\n\t\t\t\t\tstyle.appendChild( document.createTextNode( '#wpforms-1338-field_4-container { position: absolute !important; overflow: hidden !important; display: inline !important; height: 1px !important; width: 1px !important; z-index: -1000 !important; padding: 0 !important; } #wpforms-1338-field_4-container input { visibility: hidden; } #wpforms-conversational-form-page #wpforms-1338-field_4-container label { counter-increment: none; }' ) );\n\t\t\t\t\tdocument.head.appendChild( style );\n\t\t\t\t\tdocument.currentScript?.remove();\n\t\t\t\t} )();\n\t\t\t<\/script><\/div><!-- .wpforms-field-container --><div class=\"wpforms-submit-container\" ><input type=\"hidden\" name=\"wpforms[id]\" value=\"1338\"><input type=\"hidden\" name=\"page_title\" value=\"\"><input type=\"hidden\" name=\"page_url\" value=\"https:\/\/gibostad.no\/martna\/wp-json\/wp\/v2\/pages\/1267\"><input type=\"hidden\" name=\"url_referer\" value=\"\"><button type=\"submit\" name=\"wpforms[submit]\" id=\"wpforms-submit-1338\" class=\"wpforms-submit\" data-alt-text=\"Sender...\" data-submit-text=\"Send\" aria-live=\"assertive\" value=\"wpforms-submit\">Send<\/button><img loading=\"lazy\" decoding=\"async\" src=\"https:\/\/gibostad.no\/martna\/wp-content\/plugins\/wpforms-lite\/assets\/images\/submit-spin.svg\" class=\"wpforms-submit-spinner\" style=\"display: none;\" width=\"26\" height=\"26\" alt=\"Loading\"><\/div><\/form><\/div>  <!-- .wpforms-container --><\/td>\n<\/tr>\n<tr>\n<td>Gibostadmartna 2026<br \/>Sjyveien 6<br \/>9372 Gibostad<\/td>\n<\/tr>\n<tr>\n<td><strong>Martnakomiteen best\u00e5r av:<\/strong><\/br>Ellbj\u00f8rg Falung &#8211; 971 50 446<br \/>Ann-Kristin Hansen &#8211; 952 77 672<br \/>Lill Tove Sivertsen &#8211; <\/td>\n<\/tr>\n<tr>\n<td><strong>Kontakt oss gjerne p\u00e5 e-post:<\/strong> <a href=\"mailto:kontakt@gibostadmartna.no\">kontakt@gibostadmartna.no<\/a><\/td>\n<\/tr>\n<tr>\n<td><strong>Kontonummer:<\/strong><br \/>4776.18.22027<\/td>\n<\/tr>\n<tr>\n<td><strong>Postadresse:<\/strong> <br \/>\nGibostadMartna 2026<br \/>\nco:<br \/>\n9372 Gibostad<\/td>\n<\/tr>\n<\/table>\n<p><center><em>Web &#8211; Johan Arne Andersen &#8211; gibostad.no<\/em><\/center><\/p>\n","protected":false},"excerpt":{"rendered":"<p>Gibostadmartna 2026Sjyveien 69372 Gibostad Martnakomiteen best\u00e5r av:Ellbj\u00f8rg Falung &#8211; 971 50 446Ann-Kristin Hansen &#8211; 952 77 672Lill Tove Sivertsen &#8211; Kontakt oss gjerne p\u00e5 e-post: kontakt@gibostadmartna.no Kontonummer:4776.18.22027 Postadresse: GibostadMartna 2026 <a href=\"https:\/\/gibostad.no\/martna\/kontakt-oss\/\" class=\"more-link\">[&hellip;]<\/a><\/p>\n","protected":false},"author":1,"featured_media":0,"parent":0,"menu_order":0,"comment_status":"closed","ping_status":"closed","template":"","meta":{"Layout":"","footnotes":""},"class_list":["entry","author-johan","post-1267","page","type-page","status-publish"],"_links":{"self":[{"href":"https:\/\/gibostad.no\/martna\/wp-json\/wp\/v2\/pages\/1267","targetHints":{"allow":["GET"]}}],"collection":[{"href":"https:\/\/gibostad.no\/martna\/wp-json\/wp\/v2\/pages"}],"about":[{"href":"https:\/\/gibostad.no\/martna\/wp-json\/wp\/v2\/types\/page"}],"author":[{"embeddable":true,"href":"https:\/\/gibostad.no\/martna\/wp-json\/wp\/v2\/users\/1"}],"replies":[{"embeddable":true,"href":"https:\/\/gibostad.no\/martna\/wp-json\/wp\/v2\/comments?post=1267"}],"version-history":[{"count":9,"href":"https:\/\/gibostad.no\/martna\/wp-json\/wp\/v2\/pages\/1267\/revisions"}],"predecessor-version":[{"id":1445,"href":"https:\/\/gibostad.no\/martna\/wp-json\/wp\/v2\/pages\/1267\/revisions\/1445"}],"wp:attachment":[{"href":"https:\/\/gibostad.no\/martna\/wp-json\/wp\/v2\/media?parent=1267"}],"curies":[{"name":"wp","href":"https:\/\/api.w.org\/{rel}","templated":true}]}}